{"id":8,"date":"2024-06-20T23:48:34","date_gmt":"2024-06-20T21:48:34","guid":{"rendered":"https:\/\/hive-hospitality.fr\/?page_id=8"},"modified":"2024-06-21T00:32:39","modified_gmt":"2024-06-20T22:32:39","slug":"accueil","status":"publish","type":"page","link":"https:\/\/hive-hospitality.fr\/","title":{"rendered":"CR\u00c9ATEURS DE VALEURS"},"content":{"rendered":"\n<p>HIVE est une agence de conseils en gestion h\u00f4teli\u00e8re sp\u00e9cialis\u00e9e dans les op\u00e9rations tant en hospitalit\u00e9 qu\u2019en restauration, la gestion d\u2019\u00e9v\u00e9nements et le d\u00e9veloppement de concepts.<\/p>\n","protected":false},"excerpt":{"rendered":"<p>HIVE est une agence de conseils en gestion h\u00f4teli\u00e8re sp\u00e9cialis\u00e9e dans les op\u00e9rations tant en hospitalit\u00e9 qu\u2019en restauration, la gestion d\u2019\u00e9v\u00e9nements et le d\u00e9veloppement de concepts.<\/p>\n","protected":false},"author":1,"featured_media":0,"parent":0,"menu_order":0,"comment_status":"closed","ping_status":"closed","template":"","meta":{"footnotes":""},"class_list":["post-8","page","type-page","status-publish","hentry"],"_links":{"self":[{"href":"https:\/\/hive-hospitality.fr\/index.php\/wp-json\/wp\/v2\/pages\/8","targetHints":{"allow":["GET"]}}],"collection":[{"href":"https:\/\/hive-hospitality.fr\/index.php\/wp-json\/wp\/v2\/pages"}],"about":[{"href":"https:\/\/hive-hospitality.fr\/index.php\/wp-json\/wp\/v2\/types\/page"}],"author":[{"embeddable":true,"href":"https:\/\/hive-hospitality.fr\/index.php\/wp-json\/wp\/v2\/users\/1"}],"replies":[{"embeddable":true,"href":"https:\/\/hive-hospitality.fr\/index.php\/wp-json\/wp\/v2\/comments?post=8"}],"version-history":[{"count":4,"href":"https:\/\/hive-hospitality.fr\/index.php\/wp-json\/wp\/v2\/pages\/8\/revisions"}],"predecessor-version":[{"id":51,"href":"https:\/\/hive-hospitality.fr\/index.php\/wp-json\/wp\/v2\/pages\/8\/revisions\/51"}],"wp:attachment":[{"href":"https:\/\/hive-hospitality.fr\/index.php\/wp-json\/wp\/v2\/media?parent=8"}],"curies":[{"name":"wp","href":"https:\/\/api.w.org\/{rel}","templated":true}]}}